e the prime factors of (2 + -3)*180/(-9)?
2, 5
Let a be (3/5)/((-2)/(-10)). Let l = 3 + a. Let y(x) = x**3 - 5*x**2 - 6*x + 6. List the prime factors of y(l).
2, 3
Suppose -5*o = -4*o - 4. Suppose o*h = -0*h + 100. List the prime factors of h.
5
Suppose 2*n + 12 = -8. Let u = n + 25. What are the prime factors of u?
3, 5
Let n(w) = w**3 - w + 29. What are the prime factors of n(0)?
29
Let s = -4 - -39. List the prime factors of s.
5, 7
Let m = 477 - 238. List the prime factors of m.
239
Let u = 16 - 18. List the prime factors of u/(154/(-50) + 3).
5
Suppose 2 = 4*y + k - 1, -5*k - 27 = -y. Suppose -4*b - 40 = -5*b + y*z, 92 = 2*b + 2*z. What are the prime factors of b?
2, 11
Let u(j) = j**2 + j + 57. List the prime factors of u(-13).
3, 71
Suppose 5*d - 19 = 3*m, -4*m + 2*d - 3*d + 13 = 0. Suppose 2*g + 12 + 4 = m*s, -2*g - 17 = -s. Let q = 16 + g. List the prime factors of q.
7
Let a(u) be the first derivative of u**5/10 - u**4/6 + u**3/3 - u**2 - u + 2. Let s(x) be the first derivative of a(x). List the prime factors of s(2).
2, 5
Suppose -5*b + 34 = -2*a, -3*b + 3*a = 2*a - 20. Let w(f) = 4*f - 9. List the prime factors of w(b).
3, 5
Let u(l) = 5*l + l - l**2 - 3 + l. What are the prime factors of u(6)?
3
Let m(r) = 22*r - 7*r + 73*r + 3. Let w be m(-3). List the prime factors of 3/(-4) + w/(-12).
3, 7
List the prime factors of 3*(1*-1 + (-1340)/(-15)).
5, 53
Suppose -12*u = -5826 + 1494. List the prime factors of u.
19
Suppose -2*o + 137 = -0*o - 5*g, 0 = 5*g + 5. Suppose 0 = -0*h + 2*h - o. Suppose 8*t = 5*t + h. What are the prime factors of t?
11
What are the prime factors of (-6)/(-45) + (-8006)/(-30)?
3, 89
Let z(d) = 2*d**2 + 8*d + 3. Let b be z(-5). Suppose -b*y = -8*y - 80. List the prime factors of y.
2
Let b be 5/(-20) - 2/(-8). Suppose b = -5*l - 2*w + 115, 3*w + 12 = l - 11. List the prime factors of l.
23
What are the prime factors of 6567/27 - (-6)/(-27)?
3
Let r be (1/2)/(3/66). Suppose -2*q = 5*a + r, 2*q + 2*a + 8 = -18. Let z = 25 + q. What are the prime factors of z?
7
Let q be (-9)/6*20/(-3). Suppose 0 = -3*s + 8 + q. List the prime factors of s.
2, 3
Let m(r) = -r**2 - 6*r - 7. Let s(w) = w**2 - 7*w + 6. Let g be s(4). Let t be m(g). Let p = t - -10. List the prime factors of p.
3
Let n(f) = f**3 - 13*f**2 + f - 10. List the prime factors of n(13).
3
Suppose 3*n + 0*n = 165. What are the prime factors of n?
5, 11
Suppose 0 = 2*l - 3*m + 11, -14 = -l + 4*l - 4*m. Suppose -g + 2*i = 2, -2*g + 5*i - 6 + l = 0. What are the prime factors of 1 + g + 17/1?
2
Suppose -t + 2*z + 13 = 0, -6 = 2*t + t + 3*z. Let w be (-8)/(-3) + t/9. Let r = 10 - w. What are the prime factors of r?
7
Let d(k) = -k**3 - k + 1. What are the prime factors of d(-3)?
31
Let l(s) be the third derivative of -s**6/120 - s**5/60 + 3*s**3 + 2*s**2. Let x be l(0). Suppose 0 = 4*b - 18 - x. What are the prime factors of b?
3
Suppose -6*u + 3*u = 0. Suppose 3*x + 2*t + t - 6 = u, 10 = 2*x - 4*t. Let w = 13 - x. What are the prime factors of w?
2, 5
Suppose 9 = -5*p + 2*p, 3*l - 99 = 5*p. List the prime factors of l.
2, 7
Suppose 5*z - 10 = 0, 4*z + 152 = 3*a - z. List the prime factors of a.
2, 3
Let s(k) = 8*k - 23. List the prime factors of s(11).
5, 13
List the prime factors of (60/25)/(-6) - (-262)/5.
2, 13
Let p = -10 - -4. List the prime factors of (4/p)/((-8)/204).
17
What are the prime factors of (-1828)/(-32) - (-2)/(-16)?
3, 19
Let w = 107 - 59. List the prime factors of w.
2, 3
Let g(v) = -v**3 + 6*v**2 + 4*v - 2. What are the prime factors of g(6)?
2, 11
Suppose 2*o = -o + 42. What are the prime factors of o?
2, 7
Let p(w) = w**3 + 2*w - 1. Let r be p(1). Suppose -6*j + 136 = -r*j. Let u = 54 - j. What are the prime factors of u?
2, 5
Suppose 5*t + 22 - 1 = 2*f, 0 = -4*f + 2*t + 2. List the prime factors of (f + 1)/(2/(-14)).
7
Suppose 3*i = i. Suppose i = 4*u - 42 - 14. What are the prime factors of u?
2, 7
Let a = 72 - -40. Suppose 2*q - 51 = -5*b + 41, -5*b + a = -3*q. List the prime factors of b.
2, 5
Suppose -4*q = -4*z - 1496, 0 = 2*q - 0*q - z - 743. List the prime factors of q.
3, 41
Let q be ((-1)/2)/(3/(-372)). Suppose -s - 2*s = -5*h - 10, -5*s - 3*h = -q. What are the prime factors of s?
2, 5
Let m be (-21)/6 - (-3)/6. Let x be 4/1 - (m + 5). Suppose 0*n + 4*n = x*c - 8, -2*n - 20 = -5*c. What are the prime factors of c?
2
Let s(f) = -f. Let x be s(-7). Let d = x - 4. Let n = -1 + d. List the prime factors of n.
2
Let o = 41 + 7. What are the prime factors of o?
2, 3
Let p = 2 - -1. Suppose 0 = 2*h + p - 17. What are the prime factors of h?
7
Let u be ((-3)/6)/(2/4). Let t be u + -1 - (0 + 2). Let p = t + 10. List the prime factors of p.
2, 3
Let c = 116 + -83. What are the prime factors of c?
3, 11
Let u(s) = 2*s**2 - 3*s + 3. Let h be u(3). Suppose -x - 2*x + h = 0. List the prime factors of 5 + (x*-1 - -2).
3
Let y be (-20)/(-3)*6/5. Suppose 4*x + 5*v + 8 = 0, -4*x - y + 0 = -5*v. What are the prime factors of 2 + 12 + 1*x?
2, 3
Suppose -5*d - p + 0 = -2, -5*d + 2*p = -11. List the prime factors of 16/(d - 0)*1.
2
Let g(k) = k**3 + 4*k**2 + 4*k + 0 - 6*k - 2. Let r be g(-2). Suppose 1 - r = -3*f. List the prime factors of f.
3
Suppose -4*y = -0*y - 64. Let t = y + -1. What are the prime factors of t?
3, 5
Suppose d = n + 4*n - 5, 0 = -2*n - 4*d + 24. Suppose -4*t = 4*j - 26 - n, 20 = -5*t. Let a = j - 3. What are the prime factors of a?
2
Let j = -60 - -87. Let n = -15 + j. Suppose 3*h + 0*h = n. List the prime factors of h.
2
Suppose 3*r = 86 + 217. List the prime factors of r.
101
Let r = 8 + 86. Suppose r = f + f. List the prime factors of f.
47
Suppose g = -4*a + 45 + 27, a - 165 = -2*g. What are the prime factors of g?
2, 3, 7
Let t(r) = -r**2 - 6*r + 5. Let x be t(-6). Suppose -5*g + 3*g - 7 = 3*s, -x*s = -5*g - 5. What are the prime factors of g/4*(-17 - -3)?
7
Suppose -r - 25 = -86. What are the prime factors of r?
61
Let r(t) = -4*t - 9. What are the prime factors of r(-5)?
11
Let b(i) = i**2 - 10*i + 4. Let o be b(12). Suppose o = 5*k - 17. List the prime factors of k.
3
Let y be 6 + 0 + (-1 - 3). Let h(o) = -o**3 + 4*o**2 - o + 4. Let t be h(3). Suppose -y*r + t = -6. What are the prime factors of r?
2
Let p be 24 - ((0 - -4) + 0). Let n = 20 + p. What are the prime factors of n?
2, 5
Suppose -3*u + 2*u = 22. List the prime factors of (u/(-1))/(4/6).
3, 11
Suppose 0*h - 36 = -h. What are the prime factors of h?
2, 3
Suppose 7*m + 36 = 8*m. List the prime factors of m.
2, 3
Suppose 0 = 4*y - 33 - 35. Let v = y + -8. List the prime factors of v.
3
List the prime factors of 17/((-51)/(-2))*(155 - -1).
2, 13
Let c(d) = 4*d**3 - 8*d**2 + 6*d - 7. What are the prime factors of c(5)?
17, 19
Let b = 6 + -5. What are the prime factors of 54/(-2)*b/(-3)?
3
Let d = 229 - 99. List the prime factors of d.
2, 5, 13
Let f = 7 + -15. Let l = f + 11. List the prime factors of l.
3
Let w(q) = 5*q**2 - 3*q + 3. List the prime factors of w(3).
3, 13
Suppose 4*t + 2*c - 6*c - 196 = 0, 0 = -4*t - 2*c + 190. Suppose -z - 13 + t = 0. List the prime factors of z.
5, 7
Let l(t) = -t**3 - 2*t**2 + t - 2. Let b be 2/3*1*-3. Let c be l(b). Let u = 11 - c. List the prime factors of u.
3, 5
Let v = 40 + 12. Suppose p - 21 = -2*h, -v = -2*p - h - 7. Suppose 2*x + 5*u = p, -2*u = 2*x - u - 11. List the prime factors of x.
2
List the prime factors of (-12)/3 + (23 - -4).
23
Let o = -69 - -174. List the prime factors of o.
3, 5, 7
Suppose 0 = o - 3*p + 3, o - 4*p = 1 - 7. Let v(s) = s**3 - 6*s**2 + 7. What are the prime factors of v(o)?
7
Let p(l) = -l**3 - l**2 - 2. Let g be p(-2). Suppose g*o - 3 = -3*i + 5*o, 4*o = -8. List the prime factors of (i - (5 + 1))*-1.
7
Let h(t) = t**3 - 4*t**2 + t - 1. Suppose 4*q - 8 = 2*q. What are the prime factors of h(q)?
3
Let f(l) = 3*l + 48. What are the prime factors of f(8)?
2, 3
Let p = 6 - 0. Suppose 48 = -p*o + 2*o. Let a = -5 - o. List the prime factors of a.
7
Suppose 5*n = 2*t + 22, -4*n = -5*t - 3*n - 32. Let d(g) = g**2 + 8*g + 5. Let p be d(t). What are the prime factors of 15/10 - p/2?
5
List the prime factors of (-1 + 1 + 1)*131.
131
Suppose 11 - 307 = -2*y. What are the prime factors of y?
2, 37
Suppose f + 0 = 2. Let y(r) = r**3 - r**2 + 0*r**3 - 2 + 5*r**f + r. List the prime factors of y(-3).
2